divided by 18?
12
Let v(d) = 19*d**3 + 34*d**2 - 60*d - 9. What is the remainder when 1451 is divided by v(2)?
20
Let l(w) = -1 - w - 2*w - 9 + 5*w + 2*w. Let i be 3*(-2)/(-6)*5. Calculate the remainder when l(i) is divided by 2.
0
Let j = 24283 - 22910. Calculate the remainder when j is divided by 53.
48
Let z(s) = -s**2 - 11*s - 21. Let n = 41 - 54. Let g(c) = 4*c + 46. Let m be g(n). Calculate the remainder when 43 is divided by z(m).
7
Let g = -37 + 47. Let j be 6/g + (-351)/(-65). Let p(y) = 13*y - 45. What is the remainder when p(j) is divided by 12?
9
Calculate the remainder when 1 + (8 - (-7 + 14)) - -207 is divided by 4.
1
Let a = 146 - 144. What is the remainder when 119 is divided by a + (-40)/300 + (-544)/(-30)?
19
Suppose 0 = 6*o - 349 - 491. Suppose -5*l + 40 = -15. Calculate the remainder when o is divided by l.
8
Suppose m + 33 = 5*b, 2*b - 32 = 5*m - 5. Let p(o) = 3 + 0*o - o + 9*o - 8. Calculate the remainder when 124 is divided by p(b).
38
Let b(z) = z**3 + z**2 - z. Suppose -4*c = -s + 54, -5*c = -12 + 2. What is the remainder when s is divided by b(3)?
29
Suppose -3*i + g + 1326 = 0, 4*g - 7 = 5. What is the remainder when i is divided by (-6)/(-10)*(-3 - 86/(-27)) + 23572/639?
36
Let k = -103 + 66. Let l = k - -41. Calculate the remainder when 3 is divided by (-1)/2*(5 - l)*-6.
0
Suppose 2810*s = 2821*s - 11077. What is the remainder when s is divided by 102?
89
Calculate the remainder when (-5884*(6/24)/(-1))/(0 - -1) is divided by 4.
3
Suppose 0 = 3*n + 846 + 1014. Let b = -286 - n. Calculate the remainder when b is divided by 19.
11
Let g = 38 + -26. Let p(f) = f**3 - 71*f**2 - 1824*f + 423. Calculate the remainder when p(91) is divided by g.
11
Let y be 84*(-42)/(-28)*8/(-18). Let d = y - -181. What is the remainder when d is divided by 32?
29
Suppose 13*t - 10*t - 5*t = 0. Calculate the remainder when (t - (-3 + 7)) + 1 + 321 is divided by 20.
18
Let p = 536 + -251. Suppose 0 = -5*l - 20*o + 18*o + p, -2*o = 0. Calculate the remainder when l is divided by 28.
1
Suppose 21*u - 2*f = 16*u + 517, 0 = 5*u + 4*f - 511. What is the remainder when 8134 is divided by u?
100
Let t(j) = 7*j**2 + 4*j - 5. Let u = 621 + -616. Suppose -12*d = -u*d - 224. What is the remainder when t(-6) is divided by d?
31
Let b = -29890 - -29930. What is the remainder when 5356 is divided by b?
36
Suppose 1395 = 147*a - 138*a. Calculate the remainder when 1239 is divided by a.
154
Let c = 180 + -91. Suppose 2*h + 2*j + 30 = 0, 25 = -2*h - j + 4*j. Let b = h - -44. Calculate the remainder when c is divided by b.
29
Let d = -520 - -520. Suppose d = -7*m + 23 + 26. What is the remainder when 33 is divided by m?
5
Let k(q) = -36*q - 193. Let s(p) = 35*p + 194. Let l(x) = -3*k(x) - 4*s(x). What is the remainder when 67 is divided by l(-8)?
8
Suppose 4*a + 72 = 356. Let i(m) = -m**3 + 7*m**2 - 4*m - 6. Let q be i(7). Let b = q + a. What is the remainder when 107 is divided by b?
33
Let i = -13292 + 13309. What is the remainder when 965 is divided by i?
13
Let h be (-11)/44 - (-26)/8. Suppose 552 = -0*t + h*t. Calculate the remainder when t is divided by 37.
36
Suppose -3*n - c + 116 = -314, -3*n + c = -422. What is the remainder when n is divided by 2/(2 + 0)*3?
1
Suppose 0 = -12*p + 7*p + 5*u + 2020, -5*p = 2*u - 2013. What is the remainder when p is divided by 93?
31
Let w(l) = -2*l - 14. Let v be w(-13). Let y = -2 + v. What is the remainder when 12/(-21) + 2123/77 is divided by y?
7
Let f(h) = h**2 - 7*h - 10. Let q be f(8). Let p be (-195)/(-27) + q/(-36)*-4. Suppose -4*c = -55 + p. Calculate the remainder when c is divided by 4.
0
Let g = 54 - 48. Suppose 4*q + 8*p + 12 = 3*p, 4 = -2*q - 2*p. Suppose 5*d + 4*s - 85 = q*s, 17 = d + 5*s. What is the remainder when d is divided by g?
5
Let h be (6/(-7))/((64/8)/(-2128)). Let c = -221 + h. Calculate the remainder when 59 is divided by c.
3
What is the remainder when 332 is divided by ((-700)/112)/(2/(-6) + 49/156)?
7
Let u = -149 + 43. Let c = 108 + u. What is the remainder when 61 is divided by -5 + c + 10 + 24?
30
Suppose -4*g = -0*g - 2*b - 62, -3*g + 44 = -4*b. Suppose -x + 105 = 2*w, -79*w + 393 = -72*w - 5*x. Calculate the remainder when w is divided by g.
6
Let r(o) = -o**3 - 6*o**2 - 5*o + 5. Suppose 0 = -22*t + 12*t. Suppose t = 4*x + 4*d - 76, 6*x = 4*x + d + 47. What is the remainder when x is divided by r(-5)?
2
What is the remainder when 396 is divided by 88040/1116 - 10/(-9)?
76
Let n(v) = v**2 + 56*v - 7. Let f be n(-22). Let p = f + 784. What is the remainder when 184 is divided by p?
10
What is the remainder when (-52)/(-24) + 50/60 - (-2 - 925) is divided by 39?
33
Let x(y) = -2*y**2 + 6*y - 6. Let z be x(4). Suppose 311*m - 307*m + 94 = 2*k, m = 3*k - 131. What is the remainder when k is divided by (-122)/z + 6/21?
7
Suppose 2*k + 152 = -b + 575, -2*b + 4*k = -806. Calculate the remainder when b is divided by 13.
10
Suppose -8*l - 2*l - 336 = -24*l. What is the remainder when 120 - (-2)/(-2*1) is divided by l?
23
Suppose -173 = 3*l + g, 3*g = 4*l - 8*l - 234. Let k = 78 + l. Let r(u) = 9*u**2 + 2. Calculate the remainder when r(3) is divided by k.
20
Let l = -2 + 4. Let u = -589 + 589. Suppose -4*t + u*k = -2*k - 188, 0 = -l*t + 3*k + 102. Calculate the remainder when t is divided by 12.
9
Suppose 9*o - 484 = 5*o. Suppose -489 = -3*d - 4*y, 12*y - 9*y + 489 = 3*d. Let z = d - o. What is the remainder when z is divided by 9?
6
Suppose 5*j - 10*j = -5*r - 3150, 4*r = -5*j + 3195. What is the remainder when j is divided by 57?
8
Suppose 0 = 3*l + 2*l - 40. Let q = -334 + 334. Suppose -l*s + s + 98 = q. Calculate the remainder when s is divided by 6.
2
Let i be 3 + (-7)/(((-24)/21)/8). Let s(r) = -6*r. Let p be s(5). Let u = i + p. What is the remainder when 65 is divided by u?
21
Suppose 16 + 13 = h + s, 2*s + 2 = 0. Let d be (384/120)/((-4)/h). Let b(w) = -w**2 - 31*w - 9. Calculate the remainder when b(d) is divided by 40.
39
Suppose -46*y - 43*y - 243*y + 202520 = 0. What is the remainder when y is divided by 5?
0
Let t(h) = -75*h - 84. Suppose 29 = -6*d + 137. What is the remainder when t(-2) is divided by d?
12
Let d(u) = -u**3 - 9*u**2 + 6*u + 57. Let a be d(-9). Suppose -7*g + 70 = -6*g + 4*c, -5*c = -a*g + 244. What is the remainder when g is divided by 9?
6
Suppose -4*w - 61 = -5*v, 184*w - 10 = -2*v + 182*w. Suppose 87*d + 25 = 82*d, y = -d + v. Let a = -86 + 154. Calculate the remainder when a is divided by y.
12
Let h be 2/7 - 20/70 - 2. Let a(s) = -5*s**3 - 3*s**2 - 5*s - 2. Calculate the remainder when a(h) is divided by 10.
6
Let a(c) = -c**3 - 16*c**2 + 2*c + 53. Let r be a(-16). Suppose 3*t = 6*t - 5*g - r, 3*t - 21 = -3*g. Calculate the remainder when 69 is divided by t.
6
Let t(q) = -q**2 - 1 - 6*q + 2*q - 8*q**3 + 7*q**3. Suppose -65 - 551 = -28*b. What is the remainder when t(-4) is divided by b?
19
Suppose -2*g + 20474 = 27*g. What is the remainder when g is divided by 235?
1
Let i(p) = 4*p**3 - 5*p**2 + 8*p - 2. Let s be i(2). Suppose -j - a = -s + 5, 2*a - 102 = -5*j. What is the remainder when 79 is divided by j?
19
Let o be ((-16)/5)/(38/(-3705)). Let p = o - 284. Calculate the remainder when 251 is divided by p.
27
Suppose -1249 = -3*y - 9*s + 4*s, 0 = -s + 2. Let p = y + -258. What is the remainder when p is divided by 13?
12
Let g = 4503 - 4452. What is the remainder when 3823 is divided by g?
49
Let b be 4 - (-1 - -6) - (1 + -4). Calculate the remainder when 40 is divided by -70 + 88 - 1*b.
8
Let k = 20058 - 17739. What is the remainder when k is divided by 23?
19
Let l = -283333 + 283342. Suppose -3*u = 5*s - 2179, 5*u + 3*s - 3636 = -s. Calculate the remainder when u is divided by l.
8
Let x be 1/((-2)/(-10) + 0). Suppose 0 = 2916*i - 2895*i - 42. Suppose i*o - x*o = -183. Calculate the remainder when o is divided by 16.
13
Let k = 9758 + -9651. What is the remainder when 952 is divided by k?
96
Let z(g) = 117*g - 16. Let p be z(7). Suppose 4*w - 2*t = -2160, 3*t - 4*t = -2. Let d = p + w. Calculate the remainder when d is divided by 53.
52
Let l = -2792 - -2812. What is the remainder when 1254 is divided by l?
14
Let a(d) = -d**2 - 2*d + 9. Let f be (-5)/10*-1*-2*0. Let i(k) = k**3 - 20*k**2 + 2*k - 7. What is the remainder when i(20) is divided 